False
Is 131764859 composite?
False
Is 2104131 a prime number?
False
Is 116035723 a prime number?
True
Is 314737 a prime number?
False
Is 177079085 a composite number?
True
Is 1270897 composite?
False
Is 14866471 composite?
True
Is 651471 composite?
True
Is 13165871 prime?
False
Is 1434883 composite?
False
Is 11603309 a prime number?
True
Is 26436221 prime?
False
Is 3466873 a composite number?
True
Is 1980401 prime?
True
Is 772657 a composite number?
False
Is 2942141 prime?
True
Is 226887 composite?
True
Is 64457999 composite?
True
Is 1132177 a prime number?
True
Is 1833505 a composite number?
True
Is 772433 composite?
True
Is 146178569 a prime number?
True
Is 206614717 composite?
False
Is 17053145 a prime number?
False
Is 51241657 composite?
False
Is 4440791 composite?
True
Is 1611491 prime?
False
Is 608073821 prime?
True
Is 75969321 a prime number?
False
Is 747683 composite?
True
Is 94821983 a composite number?
True
Is 438933539 composite?
True
Is 18000971 a prime number?
True
Is 220571326 prime?
False
Is 10473613 prime?
True
Is 642489 composite?
True
Is 26797 composite?
True
Is 731478257 a composite number?
False
Is 1211053 composite?
True
Is 8020157 a prime number?
False
Is 3411493 a composite number?
False
Is 46376777 composite?
True
Is 8730545 a prime number?
False
Is 5832739 a composite number?
True
Is 23866703 a prime number?
False
Is 93173029 a prime number?
False
Is 2555123 a prime number?
True
Is 2855701 composite?
False
Is 45526499 composite?
True
Is 6760319 a composite number?
False
Is 7437845 prime?
False
Is 654293 a composite number?
False
Is 35220499 a prime number?
True
Is 360569 prime?
False
Is 2636437 prime?
True
Is 8394641 prime?
False
Is 1098601 prime?
False
Is 2247521 prime?
True
Is 23637809 a prime number?
False
Is 302053 prime?
True
Is 39168751 a prime number?
True
Is 25636787 a composite number?
True
Is 16074827 composite?
True
Is 39720953 prime?
True
Is 25605301 a composite number?
False
Is 139305787 composite?
True
Is 11243737 a prime number?
True
Is 1683277 composite?
True
Is 4840351 prime?
False
Is 892051 prime?
False
Is 4962173 a composite number?
True
Is 3657701 a composite number?
True
Is 15138269 composite?
True
Is 70774723 prime?
False
Is 3320951 prime?
False
Is 4388897 prime?
True
Is 3086353 a composite number?
False
Is 46275491 prime?
True
Is 138785513 a composite number?
False
Is 3442057 prime?
False
Is 116950195 a prime number?
False
Is 10258327 composite?
True
Is 499718939 prime?
True
Is 3103931 composite?
True
Is 42424357 composite?
False
Is 5220323 a prime number?
True
Is 27321049 composite?
True
Is 5642255 a composite number?
True
Is 274199999 a composite number?
False
Is 948671 prime?
True
Is 722604169 a prime number?
False
Is 267097 a prime number?
True
Is 288287 a prime number?
False
Is 512630717 a prime number?
True
Is 30376667 a composite number?
True
Is 14951239 a composite number?
False
Is 34744553 a composite number?
False
Is 56830231 composite?
True
Is 511079593 a composite number?
False
Is 17904113 composite?
False
Is 387029287 prime?
False
Is 4442689 a composite number?
False
Is 54580693 prime?
False
Is 163036669 a composite number?
False
Is 22524927 a composite number?
True
Is 146677243 a composite number?
False
Is 26896841 prime?
True
Is 760633 composite?
True
Is 246493117 a prime number?
False
Is 369206597 composite?
False
Is 7772669 composite?
False
Is 4122317 composite?
False
Is 69080917 a composite number?
True
Is 158057803 prime?
False
Is 25359263 a composite number?
False
Is 808331 prime?
False
Is 593713 a prime number?
False
Is 34848853 a prime number?
False
Is 3588749 prime?
False
Is 3630353 prime?
False
Is 645131 composite?
False
Is 1921637 prime?
False
Is 459089 composite?
False
Is 931715 composite?
True
Is 2178439 composite?
False
Is 7861031 composite?
False
Is 6342551 prime?
True
Is 130110479 composite?
False
Is 38609969 prime?
True
Is 217487857 prime?
True
Is 41005606 a composite number?
True
Is 134905229 a composite number?
True
Is 166942709 a prime number?
False
Is 4610119 a composite number?
True
Is 1235701 composite?
False
Is 5986559 prime?
True
Is 9492797 a prime number?
True
Is 31823213 composite?
False
Is 7690226 prime?
False
Is 228726677 a prime number?
False
Is 5087851 a prime number?
True
Is 75311931 composite?
True
Is 33314045 a composite number?
True
Is 10757987 composite?
False
Is 24543973 composite?
True
Is 25525319 a prime number?
True
Is 12307385 a composite number?
True
Is 2378891 composite?
False
Is 153911 composite?
False
Is 19984247 composite?
True
Is 500141 prime?
False
Is 2596589 prime?
True
Is 80586823 a prime number?
True
Is 962341 a prime number?
True
Is 53166439 composite?
False
Is 26091521 a prime number?
False
Is 2563859 composite?
False
Is 22628699 composite?
False
Is 18816667 composite?
False
Is 78871 prime?
False
Is 15149249 composite?
True
Is 526517 prime?
False
Is 7936259 a prime number?
True
Is 56450191 a composite number?
True
Is 527059523 prime?
True
Is 19336487 composite?
False
Is 670601 a prime number?
False
Is 13314571 composite?
False
Is 1104949 a prime number?
False
Is 56056027 composite?
True
Is 4156711 prime?
False
Is 89299 composite?
True
Is 31538063 a composite number?
False
Is 36101701 composite?
True
Is 127859789 a prime number?
True
Is 122214541 a composite number?
True
Is 18130153 prime?
True
Is 142343 prime?
False
Is 1111333 a composite number?
False
Is 18818323 a composite number?
False
Is 40627211 composite?
True
Is 1240147 composite?
True
Is 2837629 composite?
False
Is 16232731 a prime number?
True
Is 179759633 a composite number?
False
Is 110561263 composite?
False
Is 10048979 a prime number?
False
Is 22463401 a composite number?
False
Is 25148579 a composite number?
False
Is 14583337 composite?
False
Is 98297303 a composite number?
True
Is 1743149 a composite number?
False
Is 68806567 prime?
False
Is 2345003 composite?
True
Is 1168913 a composite number?
True
Is 2339746 a composite number?
True
Is 5339959 prime?
False
Is 358446541 composite?
False
Is 30010966 a composite number?
True
Is 21748891 composite?
True
Is 518387 composite?
False
Is 12977581 a composite number?
True
Is 37317479 composite?
False
Is 1132211 prime?
False
Is 45278221 a prime number?
True
Is 17145901 composite?
False
Is 466898093 a composite number?
True
Is 1214509 a composite number?
True
Is 51599399 prime?
True
Is 2302289 a prime number?
False
Is 7404077 a composite number?
True
Is 2483381 prime?
True
Is 238789477 a prime number?
True
Is 400483 a composite number?
True
Is 70757263 a composite number?
False
Is 2268517 a prime number?
True
Is 256488641 composite?
True
Is 3720133 prime?
False
Is 1615189 a prime number?
False
Is 96461 a composite number?
False
Is 149061343 a prime number?
False
Is 19049529 a prime number?
False
Is 1487018739 prime?
False
Is 138272353 a prime number?
True
Is 3057491 a prime number?
False
Is 20851931 a prime number?
False
Is 13740611 a composite number?
True
Is 255015643 prime?
True
Is 244344371 a composite number?
True
Is 886819 prime?
True
Is 14936429 a prime number?
True
Is 1826831 prime?
False
Is 2807947 prime?
True
Is 49729483 prime?
True
Is 777700433 prime?
True
Is 123767423 composite?
True
Is 2082491 prime?
False
Is 972794211 composite?
True
Is 57522209 prime?
True
Is 3097001 a prime number?
True
Is 18251611 prime?
False
Is 321402859 a composite number?
True
Is 301102093 a composite number?
False
Is 913483 composite?
False
Is 19033129 composite?
True
Is 6689173 a prime number?
False
Is 183893 a composite number?
True
Is 10595477 composite?
False
Is 3166463 a prime number?
True
Is 32582551 a prime number?
True
Is 6464377 a composite number?
False
Is 2347973 a prime number?
False
Is 820229 a prime number?
False
Is 3164885 a prime number?
False
Is 19996201 prime?
True
Is 3884359 prime?
False
Is 2002762 prime?
False
Is 386317717 a prime number?
True
Is 8196217 composite?
False
Is 453198593 composite?
False
Is 9785621 a composite number?
False
Is 132518987 prime?
True
Is 107952673 composite?
False
Is 24277607 composite?
False
Is 16424833 prime?
False
Is 2581349 composite?
False
Is 1028803 a composite number?
False
Is 17347237 a composite number?
False
Is 28118353 a composite number?
False
Is 3723883 prime?
False
Is 1